h - 55 = -j*x. What are the prime factors of x?
2, 7
Let a = -204 - -387. List the prime factors of a.
3, 61
Suppose -3*a + z + 176 = 0, 3*z - 5*z - 236 = -4*a. What are the prime factors of a?
2, 29
Suppose 534 + 390 = 6*s. What are the prime factors of s?
2, 7, 11
Let m = 9 - 6. Suppose -3*o = -3*g + m, 0*o = 5*o - 4*g. Suppose -2*z - o = -n + 2*z, -49 = -4*n + 5*z. List the prime factors of n.
2
Suppose -4*d + 34 = -2*n + 3*n, 2*n - 28 = 2*d. List the prime factors of n.
2, 3
Let z = -6 - -58. What are the prime factors of z?
2, 13
Let s(p) = 6*p**2 + 9*p - 6. Let l(t) = -3*t**2 - 4*t + 3. Let o(z) = -13*l(z) - 6*s(z). List the prime factors of o(3).
2, 3
Let g = 5 - -4. Suppose x = 7 + g. What are the prime factors of x?
2
Let s(f) = -f + 4. Let m be s(-9). Let v = m + -5. List the prime factors of v.
2
Let y = -371 - -691. List the prime factors of y.
2, 5
Suppose 2*c = x - 2*c - 54, 3*x = -3*c + 102. What are the prime factors of x?
2, 19
Let i(r) = 3 + 0*r**2 + 4*r + r**3 + 4*r**2 + 2*r**2 + 2. What are the prime factors of i(-5)?
2, 5
Suppose -30 = -2*h - 2*u + 22, -h + 5*u = -56. What are the prime factors of h?
31
Suppose 2*a + a = 111. What are the prime factors of a + 3 + -6 - 2?
2
Let u = -20 + 14. Let t be (-20)/u + (-2)/(-3). Suppose 0 = -5*a + a + 4*f + 8, -t*a + 8 = 5*f. List the prime factors of a.
2
Suppose -5*n - y = 5, 4 = 5*n - 2*y - 6. Let u = 3 + n. Suppose -43 + 13 = -d - u*i, 5*i = 5*d - 50. What are the prime factors of d?
3, 5
Let m(s) = -s**2 + 8*s + 1. Let b be m(7). Suppose b*p + 5 = 3*p + 5*j, -12 = -3*p - 2*j. List the prime factors of p.
2
Let n be 4*-3*3/18. Let z = n - -53. List the prime factors of z.
3, 17
Let x(a) = -a**3 - 9*a**2 + 8*a - 10. Let k be x(-10). Let r = 21 - k. List the prime factors of r.
11
Let g(l) be the third derivative of l**5/30 - l**4/6 + l**3/2 + 3*l**2. List the prime factors of g(3).
3
Suppose 87 = 5*u - 63. List the prime factors of 275/u - (-1)/(-6).
3
Let v(s) = s**2 + 6*s + 2. Let u be v(-6). Let l be 20/3*12/8. Suppose l = -3*k - u*g + 48, g - 49 = -4*k. List the prime factors of k.
2, 3
What are the prime factors of (-2 + (-50)/3)/(4/(-18))?
2, 3, 7
Let w = 10 + 8. Suppose w = 6*h - 3*h. List the prime factors of h.
2, 3
Suppose 5*h + 2*m + 14 = 2*h, -2*h = 3*m + 1. Let q = -4 - h. Suppose -5*a + 45 = -2*c, -3*a + 22 + q = -c. List the prime factors of a.
7
Suppose -t + 6 = -4*q, q - 9 = -t + 2. List the prime factors of t.
2, 5
Let u(s) = -5*s + 2. Let t be u(2). Let n(c) = c**3 + 8*c**2 - 2*c - 7. Let a be n(t). Suppose 0 = 4*w - a*w + 90. What are the prime factors of w?
2, 3
Let d be 1/(((-4)/11)/4). Suppose -i + 4 - 32 = 0. Let s = d - i. List the prime factors of s.
17
Let f(x) = -x**3 - 9*x**2 - 3*x - 12. Let c be f(-8). Let g = c + 88. Let r = -18 + g. What are the prime factors of r?
2, 3
What are the prime factors of (-635)/(-6) + (-7)/(-42)?
2, 53
Let i(p) = p**3 - 9*p**2 + 7. Suppose 27 + 9 = 4*z. What are the prime factors of i(z)?
7
Suppose -3*y = -0*y + 12. List the prime factors of (-26)/y - (-12)/(-24).
2, 3
Suppose 2*q = -4, 0 = 3*g + 4*q - 3*q + 137. Let x = 72 + g. What are the prime factors of x?
3
What are the prime factors of 70/15*(-90)/(-21)?
2, 5
Let m(p) = -p + 33. What are the prime factors of m(-7)?
2, 5
What are the prime factors of -4*2/(-8)*49?
7
Suppose 5*y = 88 + 262. List the prime factors of y.
2, 5, 7
Let s(i) = 63*i - 3. List the prime factors of s(3).
2, 3, 31
Suppose 0 + 6 = 3*z. Suppose 48 + 28 = z*h. Suppose 3*f - h = -2*b - 4, 0 = 2*f - 8. What are the prime factors of b?
11
Let f be ((-2)/4)/((-11)/462). Suppose i = 3*j + 32 + 7, -3*j = i - f. What are the prime factors of i?
2, 3, 5
Suppose -5*j - 10 = 5*a, -2*a = 2*j + 3*j - 2. Suppose -3*x + 94 = 5*n, -4*x - j*n + 164 = -5*n. What are the prime factors of x?
2, 19
Let v be (6 + -6)*2/(-4). Suppose -135 = -3*c - m - 13, -5*c - 5*m + 220 = v. What are the prime factors of c?
3, 13
Let q = 29 - 21. Suppose -s - 6 = d, 4*d - 3 = 9. List the prime factors of q/(-3)*s/2.
2, 3
Let s = 4 + -11. Let i = -4 - s. Suppose -13 - 2 = -i*q. What are the prime factors of q?
5
Suppose 8 = 2*k - 0*k - a, 0 = 2*k - 4*a - 14. Suppose -k*x + 21 = -0*x. Suppose x = -5*n + 27. What are the prime factors of n?
2
List the prime factors of ((-342)/(-4))/(-9)*-4.
2, 19
Suppose -571 = -3*r - 178. List the prime factors of r.
131
Let t(d) = 9*d. Let y be t(-6). List the prime factors of (7 - 5)*y/(-4).
3
Suppose -1225 = -5*y - i, -3*i + 1092 = 5*y - 133. List the prime factors of y.
5, 7
Let s = 3 + 141. Suppose -4*u + s = 2*u. What are the prime factors of u?
2, 3
Let r = 20 + -5. Suppose 3*m + 2*m - r = 0. What are the prime factors of m?
3
Suppose 22*l - 24*l = -164. What are the prime factors of l?
2, 41
Suppose 95 = -l + 5*l - r, 69 = 3*l - 3*r. Suppose 2*s = k + l, -4*k = -s - 5*k + 12. What are the prime factors of s?
2, 3
Let i = -1 - 7. Let o = i - -2. What are the prime factors of 12 + 3/(o/4)?
2, 5
Suppose 4*q = -0*q + 120. Suppose 26 = 4*a - q. List the prime factors of a.
2, 7
Let z(m) = 3*m**2 + 5*m + 14. List the prime factors of z(7).
2, 7
Let a = 15 + 1. List the prime factors of a.
2
Suppose 4*n - n - 699 = -2*j, 466 = 2*n + 2*j. What are the prime factors of n?
233
Let y = 137 + -42. What are the prime factors of y?
5, 19
Let g = 307 - 142. List the prime factors of g.
3, 5, 11
Let i(l) = 12*l. List the prime factors of i(1).
2, 3
Suppose g = a + 24, -2*g - 4*a + 69 = a. What are the prime factors of g?
3
List the prime factors of (-6)/10 - 1793/(-55).
2
Suppose 8 - 5 = h. What are the prime factors of h?
3
Let h = -1 - -4. Suppose h*v + 2*v - 20 = 0. List the prime factors of v.
2
Let s = 1 + -3. Let o = s - -2. Suppose -4*p - p + 25 = o. What are the prime factors of p?
5
Let n be -8 + 2 + 0 + -3. Let r be (4/6)/((-1)/n). List the prime factors of (-38)/(-4) + (-3)/r.
3
What are the prime factors of 1*56/20*25?
2, 5, 7
Suppose -2*y = 3*y + 230. What are the prime factors of (y/(-1))/(3 + -1)?
23
Let x = -8 + 17. What are the prime factors of 4*x*3/6?
2, 3
Let w(t) = -t + 9. Suppose 0 = -4*f + 26 + 2. Let b be w(f). Suppose c + 5 = b*c. What are the prime factors of c?
5
Let k(z) = z + 1. Let h be k(-1). Suppose -2*r + 4 = -r. Suppose -w + h = -r. What are the prime factors of w?
2
Let v(g) = -14*g + 10. What are the prime factors of v(-8)?
2, 61
Let c(a) = a**3 + 7*a**2 + 4*a + 1. What are the prime factors of c(-6)?
13
Suppose 5*w = 3*w + 164. What are the prime factors of w?
2, 41
Let m(l) = l + 12. Let p(s) = s**3 - 8*s**2 + 7*s + 3. Let h be p(7). Suppose -z = h*z + 28. List the prime factors of m(z).
5
Suppose 0 = -4*a + 3*y + 1, -5*y + 13 = -3*a. Suppose 0 = k - 9 - a. List the prime factors of k.
13
What are the prime factors of (402/(-18))/(2/(-6))?
67
Let u(o) = -6*o**3 + 15*o**2 + 8*o + 6. Let q(j) = -3*j**3 + 7*j**2 + 4*j + 3. Let v(y) = 13*q(y) - 6*u(y). List the prime factors of v(-2).
23
Suppose 2*k = o + 51, 5*k - 130 = -2*o + 4*o. What are the prime factors of k?
2, 7
What are the prime factors of (0 - (-2)/(-4)) + (-987)/(-14)?
2, 5, 7
Let w(j) = -6*j + 11. Let m(l) = 3*l - 5. Let r(y) = 13*m(y) + 6*w(y). Let z(x) = x + 7. Let o be z(-6). List the prime factors of r(o).
2
Let q = -83 + 191. What are the prime factors of q?
2, 3
Suppose h = 5 + 16. Suppose h + 4 = 5*w. Suppose -4*f + 51 = -f - 3*j, -w*f = -4*j - 84. List the prime factors of f.
2
Let q be 10/4 + 3/(-6). Let s(v) = q*v**3 + 4 - 3 - 7*v**2 + 8*v - v**3. What are the prime factors of s(6)?
13
Let b(n) = -n**3 + 3*n**2 + n - 6. Let g be b(5). What are the prime factors of g/(-6) - 6/(-4)?
2, 5
Let s = 1 - 3. Let p be (-4)/(-8) - 41/s. Suppose -4*m - p - 8 = -w, 2*w = -5*m - 7. List the prime factors of w.
3
Suppose -10 = -c - 4*s, 2*c + 8 - 28 = -3*s. What are the prime factors of c?
2, 5
Let i(p) = -5*p**2 + 6. Let u(j) = -14*j**2 + 17. Let w(x) = 11*i(x) - 4*u(x). Let f(g) be the first derivative of w(g). What are the prime factors of f(2)?
2
Let r = -45 - -114. Let p be (1/2)/((-1)/(-6)). Suppose -p*j + r = 24. List the prime factors of j.
3, 5
Suppose -2*u - 5*u + 189 = 0. Suppose -4*x = u - 139. What are the prime factors of x?
2, 7
Let i = 12 - 8. Suppose -4*d + 4 = -5*l, -3*l + 2 = -i*d + 6. Supp